 128005 a prime number?
False
Is 801947 prime?
True
Is 138727 prime?
True
Is 2939 composite?
False
Is 1069619 a prime number?
False
Is 65498 a composite number?
True
Is 77609 a prime number?
False
Is 1195 a composite number?
True
Is 4711 a composite number?
True
Is 21163 composite?
False
Is 140627 a composite number?
False
Is 36591 a composite number?
True
Is 858673 prime?
True
Is 379 composite?
False
Is 3353321 a composite number?
False
Is 218795 prime?
False
Is 874799 a composite number?
False
Is 79221 a composite number?
True
Is 2174 prime?
False
Is 34883 composite?
False
Is 7142 composite?
True
Is 5359 composite?
True
Is 248163 a composite number?
True
Is 645937 composite?
False
Is 166999 composite?
True
Is 162779 prime?
True
Is 37907 a prime number?
True
Is 10895 a prime number?
False
Is 14815 a prime number?
False
Is 5309 a prime number?
True
Is 1163 a composite number?
False
Is 39873 prime?
False
Is 6289 a prime number?
False
Is 253723 a prime number?
False
Is 577 prime?
True
Is 28901 prime?
True
Is 120041 composite?
False
Is 618247 a composite number?
True
Is 14683 a prime number?
True
Is 5182 a composite number?
True
Is 375437 prime?
False
Is 63989 a prime number?
False
Is 2107711 a prime number?
False
Is 341929 a prime number?
False
Is 20611 composite?
False
Is 85111 a composite number?
True
Is 257753 a prime number?
False
Is 54613 prime?
False
Is 82191 prime?
False
Is 136381 prime?
False
Is 421739 a composite number?
False
Is 723601 composite?
False
Is 169019 a composite number?
False
Is 42709 prime?
True
Is 43933 prime?
True
Is 8587 a prime number?
False
Is 6982 a composite number?
True
Is 90599 a prime number?
True
Is 7499 a composite number?
False
Is 167381 a composite number?
False
Is 19559 a prime number?
True
Is 56195 a composite number?
True
Is 117409 composite?
True
Is 2039 composite?
False
Is 29747 composite?
True
Is 231227 a composite number?
True
Is 162721 a composite number?
True
Is 24746 composite?
True
Is 38578 composite?
True
Is 28739 a prime number?
False
Is 380873 composite?
True
Is 330509 a prime number?
True
Is 9091 prime?
True
Is 45863 a composite number?
False
Is 586 prime?
False
Is 142643 composite?
True
Is 242789 a composite number?
False
Is 46489 composite?
False
Is 4534 a prime number?
False
Is 39383 prime?
True
Is 5809 a prime number?
False
Is 12014 prime?
False
Is 272185 composite?
True
Is 791 composite?
True
Is 1769 prime?
False
Is 650841 a prime number?
False
Is 300107 a composite number?
True
Is 1139494 composite?
True
Is 36299 a prime number?
True
Is 120521 composite?
True
Is 19235 prime?
False
Is 18119 prime?
True
Is 78158 prime?
False
Is 143329 a prime number?
True
Is 175765 a composite number?
True
Is 183637 a prime number?
True
Is 13241 a composite number?
False
Is 57473 a prime number?
False
Is 33659 a composite number?
True
Is 181837 prime?
True
Is 56081 composite?
False
Is 2063 a prime number?
True
Is 53399 a composite number?
True
Is 76357 prime?
False
Is 6959 composite?
False
Is 85297 composite?
False
Is 1690579 prime?
False
Is 734971 a prime number?
True
Is 650401 composite?
False
Is 700933 composite?
False
Is 321101 composite?
True
Is 25019 a prime number?
False
Is 33727 a prime number?
False
Is 3251 prime?
True
Is 1968677 prime?
False
Is 1361 a composite number?
False
Is 13763 composite?
False
Is 44567 composite?
True
Is 16246 a composite number?
True
Is 354421 prime?
True
Is 8471 prime?
False
Is 5981 prime?
True
Is 11677 composite?
False
Is 864821 prime?
False
Is 3581 composite?
False
Is 384787 a prime number?
False
Is 17953 composite?
True
Is 5625109 a prime number?
False
Is 186059 composite?
True
Is 224969 prime?
True
Is 1259 a prime number?
True
Is 78341 a prime number?
True
Is 15811 prime?
False
Is 7639 composite?
False
Is 14143 composite?
False
Is 13913 composite?
False
Is 389245 composite?
True
Is 33599 a composite number?
False
Is 395551 a prime number?
False
Is 839009 composite?
False
Is 150827 a prime number?
True
Is 7401 a composite number?
True
Is 3314 prime?
False
Is 767399 a composite number?
False
Is 88211 a prime number?
True
Is 233837 composite?
False
Is 14995 composite?
True
Is 317697 a composite number?
True
Is 645167 prime?
False
Is 3991 composite?
True
Is 9791 a prime number?
True
Is 32411 composite?
False
Is 3455 a prime number?
False
Is 251067 prime?
False
Is 3642817 prime?
True
Is 816469 a prime number?
True
Is 61117 composite?
True
Is 499211 a prime number?
True
Is 92237 a composite number?
False
Is 23093 a composite number?
True
Is 7883 prime?
True
Is 1631341 a composite number?
False
Is 6499 a prime number?
False
Is 805559 a composite number?
False
Is 318781 composite?
False
Is 182119 prime?
False
Is 2203 a prime number?
True
Is 60859 a prime number?
True
Is 50983 composite?
True
Is 3409 a prime number?
False
Is 7247 a composite number?
False
Is 2584299 composite?
True
Is 7559 prime?
True
Is 15783 composite?
True
Is 13667 composite?
True
Is 44059 a composite number?
False
Is 3749 composite?
True
Is 5021 prime?
True
Is 11863 a composite number?
False
Is 223237 prime?
False
Is 5591 a prime number?
True
Is 25733 composite?
False
Is 97771 a prime number?
True
Is 75011 composite?
False
Is 56801 a composite number?
True
Is 1409 composite?
False
Is 26759 prime?
True
Is 76699 a prime number?
False
Is 15527 a composite number?
False
Is 809035 composite?
True
Is 121123 prime?
True
Is 343517 composite?
False
Is 72493 composite?
False
Is 668929 composite?
False
Is 1067 prime?
False
Is 698627 a prime number?
False
Is 25693 a prime number?
True
Is 183581 a prime number?
True
Is 15143 composite?
True
Is 3407 a composite number?
False
Is 444413 prime?
False
Is 3319 prime?
True
Is 691 composite?
False
Is 69109 a composite number?
False
Is 357127 a composite number?
True
Is 406613 a composite number?
True
Is 109679 prime?
False
Is 79103 a composite number?
False
Is 541 a composite number?
False
Is 52361 a prime number?
True
Is 12539 a composite number?
False
Is 522601 a prime number?
True
Is 4706743 a composite number?
True
Is 255313 prime?
True
Is 487 prime?
True
Is 54898 a prime number?
False
Is 279103 prime?
False
Is 11399 prime?
True
Is 107243 prime?
True
Is 43853 a composite number?
False
Is 226747 composite?
True
Is 231589 a prime number?
True
Is 623417 a composite number?
False
Is 155473 a composite number?
False
Is 419 a composite number?
False
Is 70337 composite?
True
Is 12791 a prime number?
True
Is 20161 a prime number?
True
Is 959417 composite?
True
Is 35771 a prime number?
True
Is 45205 a composite number?
True
Is 1003271 composite?
True
Is 2999 composite?
False
Is 45487 a composite number?
True
Is 70877 composite?
False
Is 527 a prime number?
False
Is 210209 a composite number?
False
Is 444209 prime?
True
Is 369211 composite?
False
Is 185789 a composite number?
False
Is 13367 a composite number?
False
Is 145234 prime?
False
Is 14299 composite?
True
Is 425995 prime?
False
Is 350927 prime?
False
Is 32749 prime?
True
Is 6521 composite?
False
Is 53962 prime?
False
Is 22757 prime?
False
Is 514894 composite?
True
Is 95453 prime?
False
Is 5923 composite?
False
Is 19069 prime?
True
Is 3862291 a composite number?
False
Is 4751 prime?
True
Is 32393 a composite number?
True
Is 477221 prime?
True
Is 29083 a prime number?
False
Is 163577 prime?
False
Is 45037 a prime number?
False
Is 471893 prime?
True
Is 3982567 a composite number?
False
Is 27929 composite?
True
Is 187631 prime?
True
Is 2741 a prime number?
True
Is 7093 composite?
True
Is 56845 composite?
True
Is 498587 a composite number?
True
Is 3641 prime?
False
Is 42037 a prime number?
False
Is 399571 prime?
True
Is 3079357 prime?
True
Is 7937 a prime number?
True
Is 923162 composite?
True
Is 4487 a composite number?
True
Is 4519421 a composite number?
False
Is 135611 composite?
True
Is 251849 a composite number?
True
Is 51139 prime?
False
Is 13891 composite?
True
Is 306811 prime?
False
Is 84353 a composite number?
True
Is 2417 a prime number?
True
Is 490418 a composite number?
True
Is 4037 a composite number?
True
Is 9509 composite?
True
Is 27323 prime?
False
Is 46533 composite?
True
Is 251857 a composite number?
False
Is 10847 prime?
True
Is 19042667 composite?
True
Is 238443 a composite number?
True
Is 2839 composite?